?
1304143214
What is -1110010111010110111 (base 2) in base 10?
-470711
Convert -555420 (base 6) to base 2.
-1011011000000100
What is -813932 (base 10) in base 6?
-25240112
Convert 805219 (base 13) to base 3.
12121111002221
-101212112 (base 4) to base 10
-72086
What is -c48b1d (base 15) in base 16?
-8e95f7
Convert -40336246 (base 7) to base 14.
-634426
-113443105 (base 6) to base 15
-2c3082
What is -592195 (base 10) in base 11?
-374a1a
Convert 53206033 (base 8) to base 16.
ad0c1b
2110002000012 (base 3) to base 7
14024444
-1210202 (base 5) to base 14
-830c
What is 322331020231 (base 4) in base 13?
3281641
Convert 44170 (base 8) to base 10.
18552
What is -5054200 (base 6) in base 3?
-110020011200
151634 (base 9) to base 8
265654
Convert 857154 (base 10) to base 14.
184534
What is -304415510 (base 7) in base 2?
-1000100000010101000110011
Convert -16a7548 (base 12) to base 16.
-47b448
-123010232130 (base 4) to base 3
-111100120120220
-1222201202100 (base 3) to base 14
-1d75cb
-1000000000110101000100001 (base 2) to base 3
-1011121202021122
Convert -29049 (base 14) to base 11.
-6a368
What is -5331e (base 16) in base 11?
-213028
c884 (base 13) to base 5
1342244
-6bd6c5 (base 14) to base 9
-6837876
Convert -d94997 (base 14) to base 6.
-421313145
What is -42556 (base 15) in base 9?
-350620
Convert 130213041 (base 6) to base 15.
351a4a
43200005 (base 6) to base 10
1275269
-131450555 (base 6) to base 13
-702275
What is -8521a (base 14) in base 4?
-1032132320
21100330002 (base 4) to base 6
124015510
Convert -11100012112101 (base 3) to base 6.
-121240144
-59193 (base 10) to base 3
-10000012100
Convert 79456 (base 15) to base 13.
106758
What is -20221010001 (base 3) in base 4?
-201103111
Convert 2805285 (base 11) to base 10.
4838520
What is -493851 (base 13) in base 14?
-337ba6
3432610 (base 7) to base 14
b2177
3412458 (base 9) to base 10
1838915
What is 52026231 (base 7) in base 2?
10000101000011100111001
Convert -1000340012 (base 6) to base 4.
-212203111220
Convert -207220 (base 9) to base 16.
-1e1f5
-164817 (base 16) to base 8
-5444027
Convert -269a9 (base 13) to base 6.
-1313100
What is 80a356 (base 15) in base 16?
5d3942
Convert -11001001001111110011 (base 2) to base 11.
-513350
-1030131 (base 5) to base 14
-656d
What is -c884 (base 13) in base 10?
-27824
-250550503 (base 6) to base 9
-10032423
3260233 (base 8) to base 9
1575540
What is -10122020002200 (base 3) in base 9?
-3566080
8741 (base 15) to base 6
340324
What is -11104331 (base 5) in base 3?
-11221200212
What is -240336162 (base 7) in base 11?
-844625a
Convert 100120220102111 (base 3) to base 11.
2970796
Convert 166596 (base 15) to base 14.
2033c5
-14a05 (base 12) to base 11
-1a949
What is 203100544 (base 6) in base 4?
31120033300
Convert -130021033 (base 4) to base 3.
-12212010121
3eb44 (base 15) to base 10
201664
-57489 (base 11) to base 14
-223dd
110201 (base 7) to base 5
1104212
Convert 1000111111001001100101 (base 2) to base 10.
2355813
What is 11100101111101101 (base 2) in base 15?
24d46
Convert 2020121212101 (base 3) to base 5.
301141100
-46c56 (base 14) to base 8
-521014
What is 40a2a4 (base 15) in base 4?
23231331232
What is 62321 (base 9) in base 16?
a07e
Convert 8825120 (base 9) to base 13.
c9cacb
14010230230 (base 5) to base 15
183dd95
Convert 1010001100110111011000 (base 2) to base 14.
4d877a
Convert -1225212 (base 7) to base 2.
-100110100010111111
Convert 6c75c (base 13) to base 2.
110000100101001110
Convert -93a049 (base 15) to base 6.
-410244153
2353560 (base 8) to base 14
12b09a
Convert 4435116 (base 7) to base 8.
2053764
-1160848 (base 11) to base 2
-111101101100001100110
What is 33997 (base 13) in base 14?
26327
Convert 2973167 (base 11) to base 7.
61225430
Convert 141121 (base 5) to base 10.
5786
What is a3d14 (base 15) in base 2?
1111110110010010111
-36d16a (base 14) to base 8
-7127572
-619b1 (base 14) to base 16
-39697
Convert -22bab5 (base 14) to base 5.
-300403113
Convert 12102102101012 (base 3) to base 16.
2bf9dc
Convert -513934 (base 10) to base 6.
-15003154
-6ee73 (base 16) to base 12
-19aa6b
What is 54144334 (base 6) in base 7?
16413322
Convert 4024332 (base 5) to base 12.
3129a
1432616 (base 8) to base 16
6358e
Convert -843620 (base 12) to base 6.
-112324040
Convert -33262164 (base 8) to base 6.
-413354244
230816 (base 9) to base 4
201303030
Convert 32573a (base 15) to base 14.
465c12
Convert -500562 (base 8) to base 6.
-3304122
Convert -6406662 (base 8) to base 4.
-12200312302
-6e59e8 (base 16) to base 11
-409a544
What is -cad87 (base 14) in base 11?
-305a74
Convert 2795 (base 10) to base 14.
1039
Convert 56165442 (base 7) to base 3.
100010202020010
Convert -3d1bd5 (base 15) to base 11.
-172a659
What is -47cc7 (base 16) in base 15?
-5c20c
Convert 21d44 (base 14) to base 8.
240410
-22001001210022 (base 3) to base 6
-231324055
Convert -429c0 (base 14) to base 3.
-22011222002
34141340 (base 5) to base 6
10253252
d8569 (base 14) to base 5
113204213
What is -27b17 (base 13) in base 16?
-1228c
What is a829 (base 15) in base 12?
18719
What is -2322221130 (base 5) in base 9?
-10826531
What is 32202102131 (base 4) in base 10?
3810461
Convert 33354501 (base 6) to base 3.
1220100022201
What is -7821c5 (base 13) in base 7?
-33034220
What is -30660213 (base 7) in base 10?
-2585985
Convert -16246020 (base 7) to base 6.
-53430223
What is 104300424 (base 5) in base 7?
3634505
What is 4303420344 (base 5) in base 8?
42402153
-1109d4 (base 14) to base 10
-578190
Convert 181984 (base 11) to base 9.
467028
41401144 (base 5) to base 11
213058
10036762 (base 8) to base 3
10222100111122
Convert 321231242 (base 5) to base 6.
44551332
What is 215241 (base 10) in base 11?
137794
-a2637b (base 14) to base 5
-2400102413
What is -a4c8b (base 13) in base 6?
-10204513
16317 (base 9) to base 16
2bba
What is 14dfd8 (base 16) in base 2?
101001101111111011000
What is 16c53 (base 13) in base 12?
21453
What is -46315 (base 7) in base 4?
-2320231
-12313220 (base 5) to base 10
-119810
What is 548860 (base 10) in base 4?
2011333330
Convert -125078 (base 9) to base 11.
-52019
Convert 60ba4c (base 15) to base 12.
1657669
Convert -13bca3 (base 13) to base 6.
-14205304
What is -1208701 (base 10) in base 3?
-2021102000201
What is 460141 (base 7) in base 11?
56434
What is 1106303 (base 7) in base 5?
13333124
Convert 143310333 (base 5) to base 2.
10111001100100011101
What is 10011011111101100011 (base 2) in base 6?
21405255
-771013 (base 9) to base 13
-1314c6
1e10a (base 16) to base 6
2350042
63825 (base 10) to base 5
4020300
What is -4500566 (base 8) in base 15?
-18e52a
Convert -97868 (base 15) to base 16.
-7577c
Convert 471241 (base 9) to base 2.
1000101000110101011
What is 1465123 (base 9) in base 4?
3011323332
-4032636 (base 8) to base 7
-12013043
Convert 1100101101010100 (base 2) to base 16.
cb54
Convert -2112201 (base 3) to base 10.
-1855
1411134440 (base 5) to base 8
15624423
100000000000000101001 (base 2) to base 11
656929
b68b41 (base 12) to base 15
3bc6ba
What is -2716706 (base 8) in base 11?
-47aa69
What is -53c78 (base 15) in base 4?
-1000331033
What is 461311 (base 8) in base 2?
100110001011001001
Convert 101011100111100 (base 2) to base 4.
11130330
What is 50250 (base 15) in base 10?
253650
-4301313314 (base 5) to base 13
-1b36343
What is -7141056 (base 8) in base 15?
-27367d
Convert -564cd3 (base 14) to base 10.
-2933129
Convert 1101100110000101000010 (base 2) to base 8.
15460502
Convert 1222652 (base 7) to base 6.
3211122
Convert -1823309 (base 10) to base 12.
-73b1a5
What is -315644 (base 10) in base 15?
-637ce
What is -4420c (base 14) in base 7?
-1255115
Convert 2650 (base 12) to base 15.
1470
3030102023 (base 4) to base 10
836747
-11050251 (base 6) to base 9
-557024
What is 329165 (base 10) in base 8?
1202715
Convert 353852 (base 9) to base 13.
75b4b
1679969 (base 11) to base 6
141054345
Convert -11210211012 (base 3) to base 13.
-34100
Convert -120554524 (base 6) to base 10.
-2285908
-b457b (base 12) to base 2
-111001100100101111
What is 10100333103 (base 4) in base 8?
4207723
Convert -116625 (base 8) to base 3.
-2001100010
-2277a4 (base 12) to base 6
-15501124
What is 2405411 (base 8) in base 3?
1020102212020
What is -3a31a9 (base 12) in base 15?
-13e393
What is -36a48b (base 14) in base 